{"id":15629,"date":"2022-03-01T11:35:44","date_gmt":"2022-03-01T10:35:44","guid":{"rendered":"https:\/\/formotordev.developallin.com\/politica-de-privacidad-reservas\/"},"modified":"2022-07-27T08:03:11","modified_gmt":"2022-07-27T07:03:11","slug":"prenotazione-privacy-policy","status":"publish","type":"page","link":"https:\/\/formotor.com\/it\/prenotazione-privacy-policy\/","title":{"rendered":"Prenotazione Privacy Policy"},"content":{"rendered":"<div style=\"text-align: justify;\">\n<p><strong>Leggi attentamente questa politica sulla privacy.<\/strong><\/p>\n<p>In essa troverai importanti informazioni sul trattamento dei tuoi dati personali e sui diritti riconosciuti dalla normativa vigente in materia.<\/p>\n<p>Ci riserviamo il diritto di aggiornare la nostra politica sulla privacy in qualsiasi momento a causa di decisioni aziendali, nonch\u00e9 di ottemperare ad eventuali modifiche legislative o giurisprudenziali.<\/p>\n<p>Se hai domande o hai bisogno di chiarimenti in merito alla nostra Privacy Policy o ai tuoi diritti, puoi contattarci attraverso i canali indicati di seguito.<\/p>\n<p>Dichiari che i dati che ci fornisci, ora o in futuro, sono corretti e veritieri e accetti di comunicarci eventuali modifiche agli stessi.<\/p>\n<p><b>Chi \u00e8 responsabile del trattamento dei tuoi dati?<\/b><\/p>\n<p>Responsabile: <b>FORMENTERA MOTOR, SL<\/b><\/p>\n<p>Indirizzo postale: La Savina, 07870 Formentera (Isole Baleari), Spagna<\/p>\n<p>Telefono: 971 32 29 29<\/p>\n<p>E-mail: <a href=\"mailto:rent@formotor.com\">rent@formotor.com<\/a><\/p>\n<p><b>Per cosa tratteremo i tuoi dati e su quale base giuridica? <\/b><\/p>\n<p><b>Gestione del rapporto con clienti e utenti: <\/b>Trattiamo i dati forniti dai nostri clienti, quali dati identificativi di contatto e caratteristiche personali e sociali (et\u00e0 e patente) per fornire i servizi appaltati.<\/p>\n<p>I dati delle transazioni effettuate saranno trattati con le medesime modalit\u00e0 per finalit\u00e0 di gestione della fatturazione e controllo degli incassi.<\/p>\n<p>Tali trattamenti sono necessari per l&#8217;esecuzione del contratto di noleggio del veicolo.<\/p>\n<p><b>Invio di comunicazioni commerciali<\/b>: Trattiamo i dati identificativi e di contatto forniti dai nostri clienti per inviare loro, all&#8217;e-mail o al cellulare forniti, comunicazioni relative al noleggio di veicoli e servizi complementari.<\/p>\n<p>Tali trattamenti si basano sul consenso che viene richiesto. Il mancato conferimento o la revoca del consenso non condiziona la prestazione dei servizi appaltati.<\/p>\n<p>In ogni momento potrai richiedere il tuo ritiro dal trattamento per finalit\u00e0 commerciali attivando il link previsto a tale scopo nelle nostre comunicazioni o inviando una mail a <a href=\"mailto:rent@formotor.com\">rent@formotor.com <\/a >.<\/p>\n<p><b>Per quanto tempo conserveremo i tuoi dati?<\/b><\/p>\n<p>I suoi dati saranno conservati per tutta la durata del rapporto che intrattiene con noi e comunque per i periodi previsti dalle disposizioni di legge applicabili e per il tempo necessario per assolvere ad eventuali responsabilit\u00e0 derivanti dal trattamento. Cancelleremo i tuoi dati quando non saranno pi\u00f9 necessari o rilevanti per le finalit\u00e0 per le quali sono stati raccolti.<\/p>\n<p><b>A chi possiamo comunicare i tuoi dati?<\/b><\/p>\n<p>I tuoi dati saranno ceduti a terzi solo quando necessario per la corretta esecuzione del servizio appaltato o previo tuo consenso. In tal senso, La informiamo che, in caso di sinistro, i dati del locatario del veicolo verranno comunicati alla compagnia assicurativa indicata nel contratto di noleggio, al fine di elaborare la relativa copertura.<\/p>\n<p><b>Quali sono i tuoi diritti?<\/b><\/p>\n<p>Hai il diritto di ottenere la conferma che stiamo trattando o meno i tuoi dati personali e, in tal caso, di accedervi. Puoi inoltre richiedere la rettifica dei tuoi dati quando sono inesatti o l&#8217;integrazione dei dati incompleti, nonch\u00e9 richiederne la cancellazione quando, tra l&#8217;altro, i dati non sono pi\u00f9 necessari per le finalit\u00e0 per le quali sono stati raccolti.<\/p>\n<p>In determinate circostanze, puoi richiedere la limitazione del trattamento dei tuoi dati. In tal caso, tratteremo i dati interessati solo per la formulazione, l&#8217;esercizio o la difesa di reclami o al fine di proteggere i diritti di altre persone. A determinate condizioni e per motivi legati alla tua situazione particolare, puoi anche opporti al trattamento dei tuoi dati. In tal caso, interromperemo il trattamento dei dati salvo che per motivi legittimi e impellenti che prevalgano sui tuoi interessi o diritti e libert\u00e0, o per la formulazione, l&#8217;esercizio o la difesa di pretese. Parimenti, ed a determinate condizioni, potrai richiedere la portabilit\u00e0 dei tuoi dati affinch\u00e9 siano trasmessi ad un altro titolare del trattamento.<\/p>\n<p>Puoi revocare il consenso che hai fornito per determinati scopi, senza pregiudicare la liceit\u00e0 del trattamento basata sul consenso prima della revoca, e presentare un reclamo all&#8217;Agenzia spagnola per la protezione dei dati.<\/p>\n<p>Per esercitare i tuoi diritti, devi inviarci una richiesta accompagnata da copia del tuo documento di identit\u00e0 nazionale o altro documento valido che ti identifichi per posta o e-mail agli indirizzi indicati nella sezione Chi \u00e8 il responsabile del trattamento dei tuoi dati?<\/p>\n<p>Puoi ottenere maggiori informazioni sui tuoi diritti e su come esercitarli sulla pagina dell&#8217;Agenzia spagnola per la protezione dei dati all&#8217;indirizzo <a href=\"http:\/\/www.aepd.es\">http:\/\/www.aepd.es<\/a>.\n<\/div>\n","protected":false},"excerpt":{"rendered":"<p>Leggi attentamente questa politica sulla privacy. In essa troverai importanti informazioni sul trattamento dei tuoi dati personali e sui diritti [&hellip;]<\/p>\n","protected":false},"author":1,"featured_media":0,"parent":0,"menu_order":0,"comment_status":"closed","ping_status":"closed","template":"","meta":{"_acf_changed":false,"footnotes":""},"class_list":["post-15629","page","type-page","status-publish","hentry"],"acf":[],"_links":{"self":[{"href":"https:\/\/formotor.com\/it\/wp-json\/wp\/v2\/pages\/15629","targetHints":{"allow":["GET"]}}],"collection":[{"href":"https:\/\/formotor.com\/it\/wp-json\/wp\/v2\/pages"}],"about":[{"href":"https:\/\/formotor.com\/it\/wp-json\/wp\/v2\/types\/page"}],"author":[{"embeddable":true,"href":"https:\/\/formotor.com\/it\/wp-json\/wp\/v2\/users\/1"}],"replies":[{"embeddable":true,"href":"https:\/\/formotor.com\/it\/wp-json\/wp\/v2\/comments?post=15629"}],"version-history":[{"count":5,"href":"https:\/\/formotor.com\/it\/wp-json\/wp\/v2\/pages\/15629\/revisions"}],"predecessor-version":[{"id":18587,"href":"https:\/\/formotor.com\/it\/wp-json\/wp\/v2\/pages\/15629\/revisions\/18587"}],"wp:attachment":[{"href":"https:\/\/formotor.com\/it\/wp-json\/wp\/v2\/media?parent=15629"}],"curies":[{"name":"wp","href":"https:\/\/api.w.org\/{rel}","templated":true}]}}

<div style="text-align: justify;">
<p><strong>Leggi attentamente questa politica sulla privacy.</strong></p>
<p>In essa troverai importanti informazioni sul trattamento dei tuoi dati personali e sui diritti riconosciuti dalla normativa vigente in materia.</p>
<p>Ci riserviamo il diritto di aggiornare la nostra politica sulla privacy in qualsiasi momento a causa di decisioni aziendali, nonché di ottemperare ad eventuali modifiche legislative o giurisprudenziali.</p>
<p>Se hai domande o hai bisogno di chiarimenti in merito alla nostra Privacy Policy o ai tuoi diritti, puoi contattarci attraverso i canali indicati di seguito.</p>
<p>Dichiari che i dati che ci fornisci, ora o in futuro, sono corretti e veritieri e accetti di comunicarci eventuali modifiche agli stessi.</p>
<p><b>Chi è responsabile del trattamento dei tuoi dati?</b></p>
<p>Responsabile: <b>FORMENTERA MOTOR, SL</b></p>
<p>Indirizzo postale: La Savina, 07870 Formentera (Isole Baleari), Spagna</p>
<p>Telefono: 971 32 29 29</p>
<p>E-mail: <a href="mailto:rent@formotor.com">rent@formotor.com</a></p>
<p><b>Per cosa tratteremo i tuoi dati e su quale base giuridica? </b></p>
<p><b>Gestione del rapporto con clienti e utenti: </b>Trattiamo i dati forniti dai nostri clienti, quali dati identificativi di contatto e caratteristiche personali e sociali (età e patente) per fornire i servizi appaltati.</p>
<p>I dati delle transazioni effettuate saranno trattati con le medesime modalità per finalità di gestione della fatturazione e controllo degli incassi.</p>
<p>Tali trattamenti sono necessari per l&#8217;esecuzione del contratto di noleggio del veicolo.</p>
<p><b>Invio di comunicazioni commerciali</b>: Trattiamo i dati identificativi e di contatto forniti dai nostri clienti per inviare loro, all&#8217;e-mail o al cellulare forniti, comunicazioni relative al noleggio di veicoli e servizi complementari.</p>
<p>Tali trattamenti si basano sul consenso che viene richiesto. Il mancato conferimento o la revoca del consenso non condiziona la prestazione dei servizi appaltati.</p>
<p>In ogni momento potrai richiedere il tuo ritiro dal trattamento per finalità commerciali attivando il link previsto a tale scopo nelle nostre comunicazioni o inviando una mail a <a href="mailto:rent@formotor.com">rent@formotor.com </a >.</p>
<p><b>Per quanto tempo conserveremo i tuoi dati?</b></p>
<p>I suoi dati saranno conservati per tutta la durata del rapporto che intrattiene con noi e comunque per i periodi previsti dalle disposizioni di legge applicabili e per il tempo necessario per assolvere ad eventuali responsabilità derivanti dal trattamento. Cancelleremo i tuoi dati quando non saranno più necessari o rilevanti per le finalità per le quali sono stati raccolti.</p>
<p><b>A chi possiamo comunicare i tuoi dati?</b></p>
<p>I tuoi dati saranno ceduti a terzi solo quando necessario per la corretta esecuzione del servizio appaltato o previo tuo consenso. In tal senso, La informiamo che, in caso di sinistro, i dati del locatario del veicolo verranno comunicati alla compagnia assicurativa indicata nel contratto di noleggio, al fine di elaborare la relativa copertura.</p>
<p><b>Quali sono i tuoi diritti?</b></p>
<p>Hai il diritto di ottenere la conferma che stiamo trattando o meno i tuoi dati personali e, in tal caso, di accedervi. Puoi inoltre richiedere la rettifica dei tuoi dati quando sono inesatti o l&#8217;integrazione dei dati incompleti, nonché richiederne la cancellazione quando, tra l&#8217;altro, i dati non sono più necessari per le finalità per le quali sono stati raccolti.</p>
<p>In determinate circostanze, puoi richiedere la limitazione del trattamento dei tuoi dati. In tal caso, tratteremo i dati interessati solo per la formulazione, l&#8217;esercizio o la difesa di reclami o al fine di proteggere i diritti di altre persone. A determinate condizioni e per motivi legati alla tua situazione particolare, puoi anche opporti al trattamento dei tuoi dati. In tal caso, interromperemo il trattamento dei dati salvo che per motivi legittimi e impellenti che prevalgano sui tuoi interessi o diritti e libertà, o per la formulazione, l&#8217;esercizio o la difesa di pretese. Parimenti, ed a determinate condizioni, potrai richiedere la portabilità dei tuoi dati affinché siano trasmessi ad un altro titolare del trattamento.</p>
<p>Puoi revocare il consenso che hai fornito per determinati scopi, senza pregiudicare la liceità del trattamento basata sul consenso prima della revoca, e presentare un reclamo all&#8217;Agenzia spagnola per la protezione dei dati.</p>
<p>Per esercitare i tuoi diritti, devi inviarci una richiesta accompagnata da copia del tuo documento di identità nazionale o altro documento valido che ti identifichi per posta o e-mail agli indirizzi indicati nella sezione Chi è il responsabile del trattamento dei tuoi dati?</p>
<p>Puoi ottenere maggiori informazioni sui tuoi diritti e su come esercitarli sulla pagina dell&#8217;Agenzia spagnola per la protezione dei dati all&#8217;indirizzo <a href="http://www.aepd.es">http://www.aepd.es</a>.
</div>
