{"id":18194,"date":"2021-01-27T17:08:41","date_gmt":"2021-01-27T16:08:41","guid":{"rendered":"https:\/\/formotor.com\/flota\/unkategorisiert\/fiat-panda-oder-aehnliches-modell\/"},"modified":"2024-07-01T00:00:51","modified_gmt":"2024-06-30T23:00:51","slug":"fiat-panda-oder-ahnlich","status":"publish","type":"product","link":"https:\/\/formotor.com\/de\/flotte\/mietwagen-auf-formentera\/fiat-panda-oder-ahnlich\/","title":{"rendered":"Fiat Panda oder \u00e4hnliches Modell"},"content":{"rendered":"<h1>Fiat Panda auf Formentera mieten<\/h1>\n<p>Wenn Sie Platz und Funktionalit\u00e4t suchen, ist der Fiat Panda genau das Richtige f\u00fcr Sie. Mit einem einfachen und eleganten Design wei\u00df sich der Fiat Panda in jeder Situation zu entfalten. Eine Ikone der Automobilgeschichte, kompakt und urban.<\/p>\n<p>Die Pers\u00f6nlichkeit des Fiat Panda ist verbunden mit Funktionalit\u00e4t und maximaler Einfachheit, bei sehr kompakten Au\u00dfenabmessungen, mit einem Innenraum, der maximal genutzt und an jeden Transportbedarf angepasst werden kann.<\/p>\n<p>Der Fiat Panda mag klein erscheinen. Er hat jedoch eine Kapazit\u00e4t f\u00fcr bis zu 5 Personen im Inneren, mit 5 T\u00fcren.<\/p>\n<p>Das Design ist schlicht und vielseitig und spricht Liebhaber der Einfachheit und diejenigen an, die sich lieber ausschlie\u00dflich auf den Spa\u00df auf oder abseits der Stra\u00dfe konzentrieren. Fahren Sie einfach und genie\u00dfen Sie die wundersch\u00f6ne Landschaft Formenteras.<\/p>\n<h2>Warum einen Fiat Panda mieten?<\/h2>\n<p>Er ist die Ikone des Urlaubs auf Formentera, wenn Sie ein wirtschaftliches und praktisches Auto suchen, ist dies Ihr Fahrzeug.<\/p>\n","protected":false},"excerpt":{"rendered":"<p>Fiat Panda auf Formentera mieten Wenn Sie Platz und Funktionalit\u00e4t suchen, ist der Fiat Panda genau das Richtige f\u00fcr Sie. [&hellip;]<\/p>\n","protected":false},"featured_media":17499,"comment_status":"closed","ping_status":"closed","template":"","meta":{"_acf_changed":false},"product_cat":[487],"product_tag":[],"class_list":{"0":"post-18194","1":"product","2":"type-product","3":"status-publish","4":"has-post-thumbnail","6":"product_cat-mietwagen-auf-formentera","8":"first","9":"instock","10":"sale","11":"purchasable","12":"product-type-simple"},"acf":[],"_links":{"self":[{"href":"https:\/\/formotor.com\/de\/wp-json\/wp\/v2\/product\/18194","targetHints":{"allow":["GET"]}}],"collection":[{"href":"https:\/\/formotor.com\/de\/wp-json\/wp\/v2\/product"}],"about":[{"href":"https:\/\/formotor.com\/de\/wp-json\/wp\/v2\/types\/product"}],"replies":[{"embeddable":true,"href":"https:\/\/formotor.com\/de\/wp-json\/wp\/v2\/comments?post=18194"}],"wp:featuredmedia":[{"embeddable":true,"href":"https:\/\/formotor.com\/de\/wp-json\/wp\/v2\/media\/17499"}],"wp:attachment":[{"href":"https:\/\/formotor.com\/de\/wp-json\/wp\/v2\/media?parent=18194"}],"wp:term":[{"taxonomy":"product_cat","embeddable":true,"href":"https:\/\/formotor.com\/de\/wp-json\/wp\/v2\/product_cat?post=18194"},{"taxonomy":"product_tag","embeddable":true,"href":"https:\/\/formotor.com\/de\/wp-json\/wp\/v2\/product_tag?post=18194"}],"curies":[{"name":"wp","href":"https:\/\/api.w.org\/{rel}","templated":true}]}}

Fiat Panda oder ähnliches Modell

<h1>Fiat Panda auf Formentera mieten</h1>
<p>Wenn Sie Platz und Funktionalität suchen, ist der Fiat Panda genau das Richtige für Sie. Mit einem einfachen und eleganten Design weiß sich der Fiat Panda in jeder Situation zu entfalten. Eine Ikone der Automobilgeschichte, kompakt und urban.</p>
<p>Die Persönlichkeit des Fiat Panda ist verbunden mit Funktionalität und maximaler Einfachheit, bei sehr kompakten Außenabmessungen, mit einem Innenraum, der maximal genutzt und an jeden Transportbedarf angepasst werden kann.</p>
<p>Der Fiat Panda mag klein erscheinen. Er hat jedoch eine Kapazität für bis zu 5 Personen im Inneren, mit 5 Türen.</p>
<p>Das Design ist schlicht und vielseitig und spricht Liebhaber der Einfachheit und diejenigen an, die sich lieber ausschließlich auf den Spaß auf oder abseits der Straße konzentrieren. Fahren Sie einfach und genießen Sie die wunderschöne Landschaft Formenteras.</p>
<h2>Warum einen Fiat Panda mieten?</h2>
<p>Er ist die Ikone des Urlaubs auf Formentera, wenn Sie ein wirtschaftliches und praktisches Auto suchen, ist dies Ihr Fahrzeug.</p>

<p>Fiat Panda auf Formentera mieten Wenn Sie Platz und Funktionalität suchen, ist der Fiat Panda genau das Richtige für Sie. [&hellip;]</p>
