{"id":18191,"date":"2021-01-27T18:08:41","date_gmt":"2021-01-27T17:08:41","guid":{"rendered":"https:\/\/formotor.com\/flota\/unkategorisiert\/fiat-500l-a-oder-aehnliches-modell\/"},"modified":"2024-07-01T00:00:50","modified_gmt":"2024-06-30T23:00:50","slug":"v-t-cross-a-oder-ahnlich","status":"publish","type":"product","link":"https:\/\/formotor.com\/de\/flotte\/mietwagen-auf-formentera\/v-t-cross-a-oder-ahnlich\/","title":{"rendered":"Volkswagen T-Cross A oder \u00e4hnliches Modell"},"content":{"rendered":"<h1>Volkswagen T-Cross Automatik auf Formentera mieten<\/h1>\n<p>Mit einer Kapazit\u00e4t f\u00fcr bis zu 5 Personen hat dieser sch\u00f6ne Van ein attraktives Design, gut aufeinander abgestimmte Farben und viel Platz. Durch den Zugang durch eine der 5 T\u00fcren (zwei auf beiden Seiten und eine zum Kofferraum) schafft er es, ein Gef\u00fchl von Raum und Komfort zu wecken.<\/p>\n<p>\u00c4sthetisch \u00e4hnelt er den Merkmalen des ber\u00fchmten Volkswagen T-Cross-Modells. Der Kofferraum und der Fahrgastraum sind seine st\u00e4rksten Punkte<\/p>\n<p>Voller abenteuerlustiger Pers\u00f6nlichkeit und sich von seinen Konkurrenten abhebend, garantiert dieses exklusive Modell aus der Fiat-Reihe einen Traumurlaub auf der Insel Formentera.<\/p>\n<h2>Warum einen Volkswagen T-Cross Automatik mieten?<\/h2>\n<p>Weil es ein sehr ger\u00e4umiges und komfortables Gef\u00e4hrt ist, mit dem Sie sich mit allen n\u00f6tigen Utensilien fortbewegen k\u00f6nnen, ohne sich entscheiden oder auf etwas verzichten zu m\u00fcssen&#8230;<\/p>\n","protected":false},"excerpt":{"rendered":"<p>Volkswagen T-Cross Automatik auf Formentera mieten Mit einer Kapazit\u00e4t f\u00fcr bis zu 5 Personen hat dieser sch\u00f6ne Van ein attraktives [&hellip;]<\/p>\n","protected":false},"featured_media":18556,"comment_status":"closed","ping_status":"closed","template":"","meta":{"_acf_changed":false},"product_cat":[487],"product_tag":[],"class_list":{"0":"post-18191","1":"product","2":"type-product","3":"status-publish","4":"has-post-thumbnail","6":"product_cat-mietwagen-auf-formentera","8":"first","9":"instock","10":"sale","11":"purchasable","12":"product-type-simple"},"acf":[],"_links":{"self":[{"href":"https:\/\/formotor.com\/de\/wp-json\/wp\/v2\/product\/18191","targetHints":{"allow":["GET"]}}],"collection":[{"href":"https:\/\/formotor.com\/de\/wp-json\/wp\/v2\/product"}],"about":[{"href":"https:\/\/formotor.com\/de\/wp-json\/wp\/v2\/types\/product"}],"replies":[{"embeddable":true,"href":"https:\/\/formotor.com\/de\/wp-json\/wp\/v2\/comments?post=18191"}],"wp:featuredmedia":[{"embeddable":true,"href":"https:\/\/formotor.com\/de\/wp-json\/wp\/v2\/media\/18556"}],"wp:attachment":[{"href":"https:\/\/formotor.com\/de\/wp-json\/wp\/v2\/media?parent=18191"}],"wp:term":[{"taxonomy":"product_cat","embeddable":true,"href":"https:\/\/formotor.com\/de\/wp-json\/wp\/v2\/product_cat?post=18191"},{"taxonomy":"product_tag","embeddable":true,"href":"https:\/\/formotor.com\/de\/wp-json\/wp\/v2\/product_tag?post=18191"}],"curies":[{"name":"wp","href":"https:\/\/api.w.org\/{rel}","templated":true}]}}

Volkswagen T-Cross A oder ähnliches Modell

<h1>Volkswagen T-Cross Automatik auf Formentera mieten</h1>
<p>Mit einer Kapazität für bis zu 5 Personen hat dieser schöne Van ein attraktives Design, gut aufeinander abgestimmte Farben und viel Platz. Durch den Zugang durch eine der 5 Türen (zwei auf beiden Seiten und eine zum Kofferraum) schafft er es, ein Gefühl von Raum und Komfort zu wecken.</p>
<p>Ästhetisch ähnelt er den Merkmalen des berühmten Volkswagen T-Cross-Modells. Der Kofferraum und der Fahrgastraum sind seine stärksten Punkte</p>
<p>Voller abenteuerlustiger Persönlichkeit und sich von seinen Konkurrenten abhebend, garantiert dieses exklusive Modell aus der Fiat-Reihe einen Traumurlaub auf der Insel Formentera.</p>
<h2>Warum einen Volkswagen T-Cross Automatik mieten?</h2>
<p>Weil es ein sehr geräumiges und komfortables Gefährt ist, mit dem Sie sich mit allen nötigen Utensilien fortbewegen können, ohne sich entscheiden oder auf etwas verzichten zu müssen&#8230;</p>

<p>Volkswagen T-Cross Automatik auf Formentera mieten Mit einer Kapazität für bis zu 5 Personen hat dieser schöne Van ein attraktives [&hellip;]</p>
